{"id":1532,"date":"2023-12-08T12:13:27","date_gmt":"2023-12-08T15:13:27","guid":{"rendered":"https:\/\/antropologiaenergetica.com\/?post_type=product&#038;p=1532"},"modified":"2025-09-04T20:55:37","modified_gmt":"2025-09-04T23:55:37","slug":"el-matrimonio","status":"publish","type":"product","link":"https:\/\/antropologiaenergetica.com\/?product=el-matrimonio","title":{"rendered":"El Matrimonio"},"content":{"rendered":"<p>Nos explica uno de los puntos importantes que son la base para construir un mundo mejor o, al menos, mejorar este mundo actual. Hace la diferencia entre el mundo de la pareja y el mundo exterior a ella. Explica c\u00f3mo construir energ\u00e9ticamente esa Caja de Resonancia entre ambos seres, lo que les permitir\u00e1 crear un lugar donde habite la pareja incluso despu\u00e9s del tiempo de vida.<br \/>\nNos brinda par\u00e1metros para tener un mejor matrimonio en el mundo de las peque\u00f1as cosas. Ense\u00f1a c\u00f3mo la pareja deber\u00eda prepararse para concebir un beb\u00e9 y as\u00ed evitar futuros seres conflictuados, indecisos o rencorosos. Este texto es un himno a la alegr\u00eda del ser humano en pareja.<\/p>\n","protected":false},"excerpt":{"rendered":"<p>Nos explica uno de los puntos importantes que son la base para construir un mundo mejor o, al menos, mejorar este mundo actual. Hace la diferencia entre el mundo de la pareja y el mundo exterior a ella. Explica c\u00f3mo construir energ\u00e9ticamente esa Caja de Resonancia entre ambos seres, lo que les permitir\u00e1 crear un lugar donde habite la pareja incluso despu\u00e9s del tiempo de vida.<br \/>\nNos brinda par\u00e1metros para tener un mejor matrimonio en el mundo de las peque\u00f1as cosas. Ense\u00f1a c\u00f3mo la pareja deber\u00eda prepararse para concebir un beb\u00e9 y as\u00ed evitar futuros seres conflictuados, indecisos o rencorosos. Este texto es un himno a la alegr\u00eda del ser humano en pareja.<\/p>\n","protected":false},"featured_media":1711,"template":"","meta":{"site-sidebar-layout":"default","site-content-layout":"default","ast-site-content-layout":"default","site-content-style":"default","site-sidebar-style":"default","ast-global-header-display":"","ast-banner-title-visibility":"","ast-main-header-display":"","ast-hfb-above-header-display":"","ast-hfb-below-header-display":"","ast-hfb-mobile-header-display":"","site-post-title":"","ast-breadcrumbs-content":"","ast-featured-img":"","footer-sml-layout":"","theme-transparent-header-meta":"default","adv-header-id-meta":"","stick-header-meta":"","header-above-stick-meta":"","header-main-stick-meta":"","header-below-stick-meta":"","astra-migrate-meta-layouts":"set","ast-page-background-enabled":"default","ast-page-background-meta":{"desktop":{"background-color":"var(--ast-global-color-4)","background-image":"","background-repeat":"repeat","background-position":"center center","background-size":"auto","background-attachment":"scroll","background-type":"","background-media":"","overlay-type":"","overlay-color":"","overlay-opacity":"","overlay-gradient":""},"tablet":{"background-color":"","background-image":"","background-repeat":"repeat","background-position":"center center","background-size":"auto","background-attachment":"scroll","background-type":"","background-media":"","overlay-type":"","overlay-color":"","overlay-opacity":"","overlay-gradient":""},"mobile":{"background-color":"","background-image":"","background-repeat":"repeat","background-position":"center center","background-size":"auto","background-attachment":"scroll","background-type":"","background-media":"","overlay-type":"","overlay-color":"","overlay-opacity":"","overlay-gradient":""}},"ast-content-background-meta":{"desktop":{"background-color":"var(--ast-global-color-5)","background-image":"","background-repeat":"repeat","background-position":"center center","background-size":"auto","background-attachment":"scroll","background-type":"","background-media":"","overlay-type":"","overlay-color":"","overlay-opacity":"","overlay-gradient":""},"tablet":{"background-color":"var(--ast-global-color-5)","background-image":"","background-repeat":"repeat","background-position":"center center","background-size":"auto","background-attachment":"scroll","background-type":"","background-media":"","overlay-type":"","overlay-color":"","overlay-opacity":"","overlay-gradient":""},"mobile":{"background-color":"var(--ast-global-color-5)","background-image":"","background-repeat":"repeat","background-position":"center center","background-size":"auto","background-attachment":"scroll","background-type":"","background-media":"","overlay-type":"","overlay-color":"","overlay-opacity":"","overlay-gradient":""}}},"product_brand":[],"product_cat":[37,34],"product_tag":[44],"class_list":{"0":"post-1532","1":"product","2":"type-product","3":"status-publish","4":"has-post-thumbnail","6":"product_cat-cuadernillo","7":"product_cat-espanol","8":"product_tag-cuadernillo","9":"desktop-align-left","10":"tablet-align-left","11":"mobile-align-left","13":"first","14":"instock","15":"shipping-taxable","16":"purchasable","17":"product-type-variable"},"_links":{"self":[{"href":"https:\/\/antropologiaenergetica.com\/index.php?rest_route=\/wp\/v2\/product\/1532","targetHints":{"allow":["GET"]}}],"collection":[{"href":"https:\/\/antropologiaenergetica.com\/index.php?rest_route=\/wp\/v2\/product"}],"about":[{"href":"https:\/\/antropologiaenergetica.com\/index.php?rest_route=\/wp\/v2\/types\/product"}],"wp:featuredmedia":[{"embeddable":true,"href":"https:\/\/antropologiaenergetica.com\/index.php?rest_route=\/wp\/v2\/media\/1711"}],"wp:attachment":[{"href":"https:\/\/antropologiaenergetica.com\/index.php?rest_route=%2Fwp%2Fv2%2Fmedia&parent=1532"}],"wp:term":[{"taxonomy":"product_brand","embeddable":true,"href":"https:\/\/antropologiaenergetica.com\/index.php?rest_route=%2Fwp%2Fv2%2Fproduct_brand&post=1532"},{"taxonomy":"product_cat","embeddable":true,"href":"https:\/\/antropologiaenergetica.com\/index.php?rest_route=%2Fwp%2Fv2%2Fproduct_cat&post=1532"},{"taxonomy":"product_tag","embeddable":true,"href":"https:\/\/antropologiaenergetica.com\/index.php?rest_route=%2Fwp%2Fv2%2Fproduct_tag&post=1532"}],"curies":[{"name":"wp","href":"https:\/\/api.w.org\/{rel}","templated":true}]}}