{"id":1525,"date":"2023-12-08T12:23:20","date_gmt":"2023-12-08T15:23:20","guid":{"rendered":"https:\/\/antropologiaenergetica.com\/?post_type=product&#038;p=1525"},"modified":"2025-09-18T10:00:11","modified_gmt":"2025-09-18T13:00:11","slug":"los-nucleos-energeticos-en-el-cuerpo-humano-y-su-funcion","status":"publish","type":"product","link":"https:\/\/antropologiaenergetica.com\/?product=los-nucleos-energeticos-en-el-cuerpo-humano-y-su-funcion","title":{"rendered":"Los N\u00facleos Energ\u00e9ticos en El Cuerpo Humano y Su Funci\u00f3n"},"content":{"rendered":"<p>La disciplina de Antropolog\u00eda Energ\u00e9tica, ampliamente desarrollada por sus autores, se complementa con este libro, que profundiza en el conocimiento de la vida del ser humano a nivel somato-c\u00f3smico.<br \/>\nInteresar\u00e1 a aquellos que se dedican a aplicar sonidos y m\u00fasica con el objetivo de lograr un bienestar tanto biol\u00f3gico como mental.<br \/>\nAquellos que disfrutan estudiando anatom\u00eda, debido al din\u00e1mico movimiento de vida presente en la musculatura y los \u00f3rganos vitales que componen el cuerpo humano, encontrar\u00e1n en este material un recurso invalorable.<br \/>\nEl cuerpo humano es el resultado y la expresi\u00f3n de una espl\u00e9ndida maquinaria. Act\u00faa de acuerdo a las inexorables leyes de la naturaleza en una comuni\u00f3n sincronizada entre la materia biol\u00f3gica y la estructura energ\u00e9tica que la anima, lo cual nos lleva a adentrarnos en un universo cu\u00e1ntico.<\/p>\n","protected":false},"excerpt":{"rendered":"<p>La disciplina de Antropolog\u00eda Energ\u00e9tica, ampliamente desarrollada por sus autores, se complementa con este libro, que profundiza en el conocimiento de la vida del ser humano a nivel somato-c\u00f3smico.<br \/>\nInteresar\u00e1 a aquellos que se dedican a aplicar sonidos y m\u00fasica con el objetivo de lograr un bienestar tanto biol\u00f3gico como mental.<br \/>\nAquellos que disfrutan estudiando anatom\u00eda, debido al din\u00e1mico movimiento de vida presente en la musculatura y los \u00f3rganos vitales que componen el cuerpo humano, encontrar\u00e1n en este material un recurso invalorable.<br \/>\nEl cuerpo humano es el resultado y la expresi\u00f3n de una espl\u00e9ndida maquinaria. Act\u00faa de acuerdo a las inexorables leyes de la naturaleza en una comuni\u00f3n sincronizada entre la materia biol\u00f3gica y la estructura energ\u00e9tica que la anima, lo cual nos lleva a adentrarnos en un universo cu\u00e1ntico.<\/p>\n","protected":false},"featured_media":1712,"template":"","meta":{"site-sidebar-layout":"default","site-content-layout":"default","ast-site-content-layout":"default","site-content-style":"default","site-sidebar-style":"default","ast-global-header-display":"","ast-banner-title-visibility":"","ast-main-header-display":"","ast-hfb-above-header-display":"","ast-hfb-below-header-display":"","ast-hfb-mobile-header-display":"","site-post-title":"","ast-breadcrumbs-content":"","ast-featured-img":"","footer-sml-layout":"","theme-transparent-header-meta":"default","adv-header-id-meta":"","stick-header-meta":"","header-above-stick-meta":"","header-main-stick-meta":"","header-below-stick-meta":"","astra-migrate-meta-layouts":"set","ast-page-background-enabled":"default","ast-page-background-meta":{"desktop":{"background-color":"var(--ast-global-color-4)","background-image":"","background-repeat":"repeat","background-position":"center center","background-size":"auto","background-attachment":"scroll","background-type":"","background-media":"","overlay-type":"","overlay-color":"","overlay-opacity":"","overlay-gradient":""},"tablet":{"background-color":"","background-image":"","background-repeat":"repeat","background-position":"center center","background-size":"auto","background-attachment":"scroll","background-type":"","background-media":"","overlay-type":"","overlay-color":"","overlay-opacity":"","overlay-gradient":""},"mobile":{"background-color":"","background-image":"","background-repeat":"repeat","background-position":"center center","background-size":"auto","background-attachment":"scroll","background-type":"","background-media":"","overlay-type":"","overlay-color":"","overlay-opacity":"","overlay-gradient":""}},"ast-content-background-meta":{"desktop":{"background-color":"var(--ast-global-color-5)","background-image":"","background-repeat":"repeat","background-position":"center center","background-size":"auto","background-attachment":"scroll","background-type":"","background-media":"","overlay-type":"","overlay-color":"","overlay-opacity":"","overlay-gradient":""},"tablet":{"background-color":"var(--ast-global-color-5)","background-image":"","background-repeat":"repeat","background-position":"center center","background-size":"auto","background-attachment":"scroll","background-type":"","background-media":"","overlay-type":"","overlay-color":"","overlay-opacity":"","overlay-gradient":""},"mobile":{"background-color":"var(--ast-global-color-5)","background-image":"","background-repeat":"repeat","background-position":"center center","background-size":"auto","background-attachment":"scroll","background-type":"","background-media":"","overlay-type":"","overlay-color":"","overlay-opacity":"","overlay-gradient":""}}},"product_brand":[],"product_cat":[38],"product_tag":[45],"class_list":{"0":"post-1525","1":"product","2":"type-product","3":"status-publish","4":"has-post-thumbnail","6":"product_cat-libro","7":"product_tag-libro","8":"desktop-align-left","9":"tablet-align-left","10":"mobile-align-left","12":"first","13":"instock","14":"sold-individually","15":"shipping-taxable","16":"purchasable","17":"product-type-variable"},"_links":{"self":[{"href":"https:\/\/antropologiaenergetica.com\/index.php?rest_route=\/wp\/v2\/product\/1525","targetHints":{"allow":["GET"]}}],"collection":[{"href":"https:\/\/antropologiaenergetica.com\/index.php?rest_route=\/wp\/v2\/product"}],"about":[{"href":"https:\/\/antropologiaenergetica.com\/index.php?rest_route=\/wp\/v2\/types\/product"}],"wp:featuredmedia":[{"embeddable":true,"href":"https:\/\/antropologiaenergetica.com\/index.php?rest_route=\/wp\/v2\/media\/1712"}],"wp:attachment":[{"href":"https:\/\/antropologiaenergetica.com\/index.php?rest_route=%2Fwp%2Fv2%2Fmedia&parent=1525"}],"wp:term":[{"taxonomy":"product_brand","embeddable":true,"href":"https:\/\/antropologiaenergetica.com\/index.php?rest_route=%2Fwp%2Fv2%2Fproduct_brand&post=1525"},{"taxonomy":"product_cat","embeddable":true,"href":"https:\/\/antropologiaenergetica.com\/index.php?rest_route=%2Fwp%2Fv2%2Fproduct_cat&post=1525"},{"taxonomy":"product_tag","embeddable":true,"href":"https:\/\/antropologiaenergetica.com\/index.php?rest_route=%2Fwp%2Fv2%2Fproduct_tag&post=1525"}],"curies":[{"name":"wp","href":"https:\/\/api.w.org\/{rel}","templated":true}]}}