{"id":1524,"date":"2023-12-08T12:25:16","date_gmt":"2023-12-08T15:25:16","guid":{"rendered":"https:\/\/antropologiaenergetica.com\/?post_type=product&#038;p=1524"},"modified":"2025-09-19T10:29:52","modified_gmt":"2025-09-19T13:29:52","slug":"la-energia-humana-y-los-sonidos","status":"publish","type":"product","link":"https:\/\/antropologiaenergetica.com\/?product=la-energia-humana-y-los-sonidos","title":{"rendered":"La Energ\u00eda Humana y Los Sonidos"},"content":{"rendered":"<p>Las investigaciones y experiencias realizadas por J. Tom\u00e1s Zeberio sobre la influencia del sonido en las zonas sensibles del cuerpo humano le han permitido establecer que, mediante una aplicaci\u00f3n gradual y controlada del mismo, se favorece el desarrollo y enriquecimiento de las energ\u00edas corporales. El Sistema de Energofon\u00eda constituye una formaci\u00f3n exclusivamente pragm\u00e1tica que tiene como finalidad la eliminaci\u00f3n progresiva de los bloqueos energ\u00e9ticos que impiden el desarrollo arm\u00f3nico de la personalidad.<\/p>\n<p>Este sistema de gimnasia comprende tres periodos que se concretan en el transcurso de tres a\u00f1os consecutivos. El primer a\u00f1o es preparatorio; durante el segundo, la gimnasia se realiza con m\u00fasica cuidadosamente seleccionada. En el tercero, a los ejercicios de &#8220;auto-desbloqueo&#8221; se agregan las energ\u00edas vegetales y marinas.<\/p>\n<p>El principio que rige el m\u00e9todo de esta gimnasia es revolucionario en su g\u00e9nero y, por lo tanto, completamente in\u00e9dito. Aunque es cierto que la m\u00fasica ha sido utilizada desde tiempos remotos como complemento de los ejercicios f\u00edsicos, ya sea como mero acompa\u00f1amiento o para crear un estado de serenidad en la mente del practicante, en este sistema su funci\u00f3n es totalmente distinta, ya que desempe\u00f1a un papel activo y su utilizaci\u00f3n es el resultado de un mecanismo riguroso. En este sistema, la m\u00fasica recupera su prestigio pitag\u00f3rico de ciencia exacta, ya que combina diversos g\u00e9neros musicales, como m\u00fasica de c\u00e1mara, coral, etc., seg\u00fan el caso, con la disposici\u00f3n mental adecuada, la postura del cuerpo y el ritmo respiratorio, todo con el fin de lograr un objetivo espec\u00edfico, es decir, el desbloqueo y el desarrollo del organismo.<\/p>\n","protected":false},"excerpt":{"rendered":"<p>Las investigaciones y experiencias realizadas por J. Tom\u00e1s Zeberio sobre la influencia del sonido en las zonas sensibles del cuerpo humano le han permitido establecer que, mediante una aplicaci\u00f3n gradual y controlada del mismo, se favorece el desarrollo y enriquecimiento de las energ\u00edas corporales. El Sistema de Energofon\u00eda constituye una formaci\u00f3n exclusivamente pragm\u00e1tica que tiene como finalidad la eliminaci\u00f3n progresiva de los bloqueos energ\u00e9ticos que impiden el desarrollo arm\u00f3nico de la personalidad.<\/p>\n<p>Este sistema de gimnasia comprende tres periodos que se concretan en el transcurso de tres a\u00f1os consecutivos. El primer a\u00f1o es preparatorio; durante el segundo, la gimnasia se realiza con m\u00fasica cuidadosamente seleccionada. En el tercero, a los ejercicios de &#8220;auto-desbloqueo&#8221; se agregan las energ\u00edas vegetales y marinas.<\/p>\n<p>El principio que rige el m\u00e9todo de esta gimnasia es revolucionario en su g\u00e9nero y, por lo tanto, completamente in\u00e9dito. Aunque es cierto que la m\u00fasica ha sido utilizada desde tiempos remotos como complemento de los ejercicios f\u00edsicos, ya sea como mero acompa\u00f1amiento o para crear un estado de serenidad en la mente del practicante, en este sistema su funci\u00f3n es totalmente distinta, ya que desempe\u00f1a un papel activo y su utilizaci\u00f3n es el resultado de un mecanismo riguroso. En este sistema, la m\u00fasica recupera su prestigio pitag\u00f3rico de ciencia exacta, ya que combina diversos g\u00e9neros musicales, como m\u00fasica de c\u00e1mara, coral, etc., seg\u00fan el caso, con la disposici\u00f3n mental adecuada, la postura del cuerpo y el ritmo respiratorio, todo con el fin de lograr un objetivo espec\u00edfico, es decir, el desbloqueo y el desarrollo del organismo.<\/p>\n","protected":false},"featured_media":1713,"template":"","meta":{"site-sidebar-layout":"default","site-content-layout":"default","ast-site-content-layout":"default","site-content-style":"default","site-sidebar-style":"default","ast-global-header-display":"","ast-banner-title-visibility":"","ast-main-header-display":"","ast-hfb-above-header-display":"","ast-hfb-below-header-display":"","ast-hfb-mobile-header-display":"","site-post-title":"","ast-breadcrumbs-content":"","ast-featured-img":"","footer-sml-layout":"","theme-transparent-header-meta":"default","adv-header-id-meta":"","stick-header-meta":"","header-above-stick-meta":"","header-main-stick-meta":"","header-below-stick-meta":"","astra-migrate-meta-layouts":"set","ast-page-background-enabled":"default","ast-page-background-meta":{"desktop":{"background-color":"var(--ast-global-color-4)","background-image":"","background-repeat":"repeat","background-position":"center center","background-size":"auto","background-attachment":"scroll","background-type":"","background-media":"","overlay-type":"","overlay-color":"","overlay-opacity":"","overlay-gradient":""},"tablet":{"background-color":"","background-image":"","background-repeat":"repeat","background-position":"center center","background-size":"auto","background-attachment":"scroll","background-type":"","background-media":"","overlay-type":"","overlay-color":"","overlay-opacity":"","overlay-gradient":""},"mobile":{"background-color":"","background-image":"","background-repeat":"repeat","background-position":"center center","background-size":"auto","background-attachment":"scroll","background-type":"","background-media":"","overlay-type":"","overlay-color":"","overlay-opacity":"","overlay-gradient":""}},"ast-content-background-meta":{"desktop":{"background-color":"var(--ast-global-color-5)","background-image":"","background-repeat":"repeat","background-position":"center center","background-size":"auto","background-attachment":"scroll","background-type":"","background-media":"","overlay-type":"","overlay-color":"","overlay-opacity":"","overlay-gradient":""},"tablet":{"background-color":"var(--ast-global-color-5)","background-image":"","background-repeat":"repeat","background-position":"center center","background-size":"auto","background-attachment":"scroll","background-type":"","background-media":"","overlay-type":"","overlay-color":"","overlay-opacity":"","overlay-gradient":""},"mobile":{"background-color":"var(--ast-global-color-5)","background-image":"","background-repeat":"repeat","background-position":"center center","background-size":"auto","background-attachment":"scroll","background-type":"","background-media":"","overlay-type":"","overlay-color":"","overlay-opacity":"","overlay-gradient":""}}},"product_brand":[],"product_cat":[38],"product_tag":[45],"class_list":{"0":"post-1524","1":"product","2":"type-product","3":"status-publish","4":"has-post-thumbnail","6":"product_cat-libro","7":"product_tag-libro","8":"desktop-align-left","9":"tablet-align-left","10":"mobile-align-left","12":"first","13":"instock","14":"sold-individually","15":"shipping-taxable","16":"purchasable","17":"product-type-variable"},"_links":{"self":[{"href":"https:\/\/antropologiaenergetica.com\/index.php?rest_route=\/wp\/v2\/product\/1524","targetHints":{"allow":["GET"]}}],"collection":[{"href":"https:\/\/antropologiaenergetica.com\/index.php?rest_route=\/wp\/v2\/product"}],"about":[{"href":"https:\/\/antropologiaenergetica.com\/index.php?rest_route=\/wp\/v2\/types\/product"}],"wp:featuredmedia":[{"embeddable":true,"href":"https:\/\/antropologiaenergetica.com\/index.php?rest_route=\/wp\/v2\/media\/1713"}],"wp:attachment":[{"href":"https:\/\/antropologiaenergetica.com\/index.php?rest_route=%2Fwp%2Fv2%2Fmedia&parent=1524"}],"wp:term":[{"taxonomy":"product_brand","embeddable":true,"href":"https:\/\/antropologiaenergetica.com\/index.php?rest_route=%2Fwp%2Fv2%2Fproduct_brand&post=1524"},{"taxonomy":"product_cat","embeddable":true,"href":"https:\/\/antropologiaenergetica.com\/index.php?rest_route=%2Fwp%2Fv2%2Fproduct_cat&post=1524"},{"taxonomy":"product_tag","embeddable":true,"href":"https:\/\/antropologiaenergetica.com\/index.php?rest_route=%2Fwp%2Fv2%2Fproduct_tag&post=1524"}],"curies":[{"name":"wp","href":"https:\/\/api.w.org\/{rel}","templated":true}]}}